). Is t(p) prime?
True
Let k(g) = 11*g**2 - 7*g - 3. Let r = -3 + -8. Let f = r + 15. Is k(f) a prime number?
False
Suppose 0 = 3*f + f. Let g be (-148*11)/((0 + 1)*-1). Suppose g = 4*m + 4*h, f = 5*m - 3*m + 4*h - 814. Is m prime?
False
Let b(h) = -4*h**2 + 4 + h**3 + 3*h - 8*h + 11*h**2. Suppose -5*v = x + 30, -5*x + 18 = -v - 14. Is b(v) a prime number?
False
Let a(q) = -1133*q - 318. Is a(-13) a composite number?
False
Let j = -784 + 2823. Is j a prime number?
True
Suppose 171566 = 117*c - 1315855. Is c composite?
False
Let d = 1415 + 1642. Is d a prime number?
False
Let a = -2083 + 3570. Let g = -600 + a. Is g a prime number?
True
Let z(x) = -x**2 + 65 - 52 - 4*x + 2*x - 6*x**2 - 11*x**3. Is z(-8) a composite number?
True
Let p be (2443/(-28))/((-1)/(-4)). Let x = p + 495. Is x prime?
False
Let n = -1663 - -6446. Is n composite?
False
Let p be 32/3 + 18/(-27). Let a = p + -15. Is (5/(-2))/(a/1270) a composite number?
True
Let n(v) = -2443*v**3 + 3*v**2 + 7*v + 3. Let g be n(-3). Is 1/(-7) - g/(-210) prime?
False
Let s(u) = -11*u - 5. Let b be s(-2). Let f = b - 12. Suppose -a + 107 + 71 = -f*m, 2*m + 1005 = 5*a. Is a a prime number?
False
Let z(q) = -5*q**3 + q**2 - 4*q + 1. Let l be z(-3). Suppose -l = j - 4*d + 54, 0 = j + 4*d + 219. Let i = 342 + j. Is i composite?
False
Suppose -2*w + 2789 = -0*x + 5*x, 0 = w - x - 1384. Is w prime?
False
Let d = 10 + 10. Suppose 3*u - 9 = -4*c, 5*c - 4*u - u = d. Suppose -c*m + p = -293, 4*m + p + 0*p = 386. Is m a composite number?
False
Let v = 18193 + -12992. Is v composite?
True
Let u(o) = 10*o + 1. Let i = -10 + -2. Let h be 3/12 - 129/i. Is u(h) a prime number?
False
Let v(m) = -152*m - 439. Is v(-9) composite?
False
Suppose 10 = 2*t - 4. Suppose -4*q - t = -4*s - 5*q, q + 11 = 5*s. Suppose -b - s*r + 82 = r, -2*r = b - 87. Is b a composite number?
False
Let g be 40/220 - (-8985)/11. Suppose -g - 1850 = -3*z. Suppose -d - 216 = -z. Is d a composite number?
False
Let j be -4 + 7/(14/(-4)). Let q be 3 - -1348 - (5 + j). Suppose 3*d - q - 865 = 0. Is d prime?
True
Let f be 7 + (-3)/(3 + 0). Let g = f - 4. Is g/(-4) - (-749)/14 a prime number?
True
Let l be (75 - -1)/(44/(-33)). Let b(w) = -87*w + 2. Let k be b(-2). Let o = l + k. Is o composite?
True
Suppose 3*k + 4*z - 33 = 103, -5*z = 25. Let v = 33 - k. Let x = 29 + v. Is x a prime number?
False
Let t be (-2)/(-1) + ((-16)/(-4) - 2). Suppose -t*a - 8*a + 11604 = 0. Is a prime?
True
Suppose 2*i = -4*y + 68104, -11*i + 8*i = 3*y - 51075. Is y a prime number?
True
Let v(k) = -k**3 + 24*k**2 - 33*k + 15. Is v(19) composite?
False
Let v = -13 - -14. Let z(p) = 158*p**3 - 2*p**2 + 2*p - 1. Is z(v) a composite number?
False
Is (-360)/(-40) - (-16761 - 1) a composite number?
True
Suppose -2*x - 2 = -2*o, -4*o + 2 = -2. Suppose x = 2*z - 1073 + 95. Is z a prime number?
False
Let v = -4228 - -10083. Suppose -v + 1169 = -6*z. Is z composite?
True
Suppose 45*b - 3051388 + 373033 = 0. Is b prime?
False
Suppose -15*p = -13*p - 778. Is p prime?
True
Suppose -6 - 14 = 4*v. Let x(h) = 24*h**2 + 3*h - 4. Is x(v) prime?
False
Suppose -80*w = -78*w - 17718. Is w prime?
False
Suppose -4*a - 148 = -r, 0*r - 835 = -5*r + a. Let q = 1529 - r. Is q composite?
False
Let n = 1 - 3. Let j be n - 0 - (-10 - -3). Suppose -217 = -2*w - a, 360 = j*w - 4*a - 215. Is w composite?
True
Suppose 235 = 3*g - 2*c, -2*g - 2*c = 2*c - 162. Is g a prime number?
True
Is (3273 - -1)/(4 + -6 + 4) a composite number?
False
Suppose q - 707 = -2*j + 2*q, -1784 = -5*j - 3*q. Suppose -3*p = -2*a - 1076, -p + 3*a - j = -2*p. Is p composite?
True
Suppose 5*r - 92 = 3*s, 2*r + 5*s = 8*s + 35. Is r a composite number?
False
Let p = -8624 + 16017. Is p composite?
False
Suppose -4*g - 1840 - 1072 = 4*i, g = -5*i - 3628. Let q = 1132 + i. Is q a prime number?
False
Let o be ((-12)/(-18))/(4/(-18)). Let q be (3 - (3 + o)) + 0. Suppose -3*y - 789 = -3*m, -4*m + 1283 = m + q*y. Is m composite?
True
Let x(w) = w**3 - 9*w**2 - 12*w + 22. Let m be x(10). Suppose 5*k - 2676 = 5*n + 1309, -m*n - 3991 = -5*k. Is k composite?
True
Suppose 3*k - 3*n = k + 41, 3*k + 2*n - 55 = 0. Suppose -k*t + 21*t = 826. Is t prime?
False
Suppose 4*i + 13796 = 4*b, -3*b + 7427 + 2952 = 5*i. Is b a composite number?
True
Suppose -24 = -4*l - 2*r, -l = -2*r - 3 + 2. Suppose -15 = -y + m, 0 = 2*y + l*m - 0 - 2. Is y composite?
False
Suppose r - 2*r - 170 = -2*f, -2*f + 4*r = -170. Let n = 182 - f. Is n composite?
False
Suppose -z = -5*h + 20, -z + 15 = z + h. Let x(o) = 3*o**2 + o + 11. Is x(z) composite?
True
Let n = 601 - 870. Let x be 1 - 4 - (-2 + 164 + -2). Let v = x - n. Is v a prime number?
False
Let b = 36 - 25. Let a(p) = 12*p**2 + b + p + 5*p - p**2 - p. Is a(6) prime?
False
Let o(s) = -1064*s + 263. Is o(-5) composite?
True
Let u(f) = -2*f**2 - 23*f - 13. Let b be u(-11). Is 7713/5 - b/5 a prime number?
True
Is 2/((-4)/(-1795)*60/408) a composite number?
True
Suppose 2*q - 18 - 66 = 2*g, 2*g = -q + 51. Is 18/q*(-7430)/(-4) a prime number?
True
Suppose -383 = 9*r - 4424. Is r composite?
False
Suppose -9*s + 20 = -4*s. Suppose -5*x + 3*x + s = 0. Suppose -69 = -3*y + 2*g, x*g = -5*y - 2*g + 137. Is y a composite number?
True
Let w = 2439 + -868. Is w prime?
True
Suppose 0 = -6*w + 2*w + 3328. Suppose -5*z + w = -z. Suppose -2*x + z = -78. Is x composite?
True
Suppose -253689 + 772188 = 9*p. Is p prime?
False
Suppose 47*m - 43*m - 997 = -3*h, 2*m - 333 = -h. Is h prime?
True
Let k = -33946 - -57803. Is k composite?
False
Suppose 0 = -2*v - v. Suppose 4*x - 8*x + 436 = v. Suppose x = -2*l + 3*l. Is l a prime number?
True
Suppose 3*g - 107 = 5*z - 2, z + 5*g = -21. Is (-8)/(-28) - 6651/z a composite number?
False
Let d = 1663 - 826. Suppose 4*l - 4*z - 91 = d, 499 = 2*l + 5*z. Is l prime?
False
Suppose -2*n + n - 4948 = -4*k, -2476 = -2*k + n. Suppose 6*j - 2*j = k. Let c = j - 150. Is c prime?
False
Suppose 0*t = 2*t + 4. Let n(k) = k**3 + 8*k**2 + 16*k + 55. Let z be n(-7). Is t/8 - 2074/z prime?
False
Let c(z) = -z**2 + 64*z + 79. Is c(28) a composite number?
False
Let s be -2 + 8 + -2 + -2. Let x be ((-6)/12)/(1/s). Is 43*(2 - (x - -1)) prime?
False
Suppose 72784 = 2*u - 4*l, -12*u + 16*u = -2*l + 145518. Is u a prime number?
False
Let m(u) = 50*u - 21. Let o(k) = k + 8. Let s be o(5). Is m(s) prime?
False
Let s = 1463 - -12800. Is s a composite number?
True
Let j = 27004 - 14993. Is j prime?
True
Let l be (-1 + -4 + 2)*2. Let f(h) = -h**2 - 7*h - 4. Let k be f(l). Is (-30 + 9)/((-3)/k) a composite number?
True
Suppose 0 = -a + 5*b + 9267, 3*b = 15 - 3. Is a prime?
False
Let z = -3224 + 9588. Suppose -3*b + 3819 = -2*a, 4*b + b - 3*a - z = 0. Is b a prime number?
False
Let o be 3*(-14)/(-3)*(-3)/(-6). Is (27622/(-49))/((-2)/o) prime?
True
Suppose 0 = 2*s + 4*r - 5*r + 3987, 0 = -4*s + r - 7969. Let p = -52 - s. Is p prime?
False
Suppose -4*d = -24 + 8. Suppose 0*s = -4*s - d*m + 12, -4*s + 2*m = -24. Suppose 0 = s*k - 215 - 170. Is k composite?
True
Let a be (10/(-4) + 2)*-1198. Suppose 2*k - 4*k + a = 3*o, -4*k + 5*o = -1253. Is k prime?
True
Suppose 33*n - 6 = 31*n. Suppose 3*o + 5*d = 2411, 0 = -0*o - 2*o - n*d + 1606. Is o a prime number?
True
Let g(j) = 5 + 12*j - 22*j - 14*j**2 + 24*j**2. Let b be -2 + (2*-7)/2. Is g(b) a prime number?
False
Let z = 6428 + -3721. Is z prime?
True
Suppose 0 = -5*u + 6*u - 14. Is -2 - (-24)/u - 147078/(-126) composite?
True
Let p = -30 + 6. Let h = p - -22. Is 1*22*(-19)/h a composite number?
True
Let l be -3*(-5)/15 + -4. Is (1/l)/(4/(-9942))*2 composite?
False
Let o(l) = l**3 - 17*l**2 - 10*l - 23. Let x be 324/9*1/2. Is o(x) prime?
False
Suppose 2*f = -3*f - 9965. Let q = f - -3902. Is q composite?
True
Suppose -3*g + g + 3426 = 2*q, -3*q = -4*g - 5139. Is q a composite number?
True
Suppose -j + 4 = 2. Suppose 5408 = -9*m + 61*m. Suppose 2*l = 3*t - 379, -t - j*l + m + 25 = 0. Is t a prime number?
True
Let g(a) = -a**2 + 25*a - 23. Suppose 2*u + 3 - 23 = 0. Is g(u) a prime number?
True
Let n be 126/(-9)*242/4. Let z = n + 3276. Is z prime?
False
Is (-1)/1 + 167*4 composite?
True
Let i be (-1442)/(-12) - (-9)/(-54). Suppose 2*o + 8 = -4*s + i, 3*o + 112 = 4*s. Is 18851/s + (-1)/4 a composite number?
False
Let t = 11 - 9. Suppose t*o = 6*o + 16. Is ((-339)/(-5))/(o/(-20)) comp